{"id":2297,"date":"2024-04-04T12:21:16","date_gmt":"2024-04-04T10:21:16","guid":{"rendered":"https:\/\/planetafilou.com\/?page_id=2297"},"modified":"2024-06-21T11:31:29","modified_gmt":"2024-06-21T09:31:29","slug":"chambres","status":"publish","type":"page","link":"https:\/\/planetafilou.com\/fr\/hebergement\/chambres\/","title":{"rendered":"Chambres"},"content":{"rendered":"<div class=\"gb-container gb-container-e86306a6\">\n<div class=\"gb-container gb-container-3365488c\">\n\n<h1 class=\"gb-headline gb-headline-12d15b78 gb-headline-text\">Chambres<\/h1>\n\n\n\n<h2 class=\"gb-headline gb-headline-e9751e72 gb-headline-text\">Toutes les chambres sont climatis\u00e9es et <a href=\"#wow-modal-id-1\">\u00e9quip\u00e9<sup>+<\/sup><\/a><\/h2>\n\n<\/div>\n\n<div class=\"gb-container gb-container-e582b16b\">\n<div class=\"gb-container gb-container-9d9a1e62\">\n\n<a class=\"gb-button gb-button-9d0b6366\" href=\"#PANAMARENKO\"><span class=\"gb-icon\"><svg viewbox=\"0 0 24 24\" height=\"24\" width=\"24\" xmlns=\"http:\/\/www.w3.org\/2000\/svg\"><path d=\"M24 10h-10v-10h-4v10h-10v4h10v10h4v-10h10z\"><\/path><\/svg><\/span><span class=\"gb-button-text\">PANAMARENKO<\/span><\/a>\n\n\n\n<a class=\"gb-button gb-button-3bd9612a\" href=\"#SCHIELE\"><span class=\"gb-icon\"><svg xmlns=\"http:\/\/www.w3.org\/2000\/svg\" width=\"24\" height=\"24\" viewbox=\"0 0 24 24\"><path d=\"M24 10h-10v-10h-4v10h-10v4h10v10h4v-10h10z\"><\/path><\/svg><\/span><span class=\"gb-button-text\">SCHIELE<\/span><\/a>\n\n\n\n<a class=\"gb-button gb-button-7f502f33\" href=\"#FOLON\"><span class=\"gb-icon\"><svg xmlns=\"http:\/\/www.w3.org\/2000\/svg\" width=\"24\" height=\"24\" viewbox=\"0 0 24 24\"><path d=\"M24 10h-10v-10h-4v10h-10v4h10v10h4v-10h10z\"><\/path><\/svg><\/span><span class=\"gb-button-text\">FOLON<\/span><\/a>\n\n\n\n<a class=\"gb-button gb-button-b8a76c30\" href=\"#MODY-BIC\"><span class=\"gb-icon\"><svg xmlns=\"http:\/\/www.w3.org\/2000\/svg\" width=\"24\" height=\"24\" viewbox=\"0 0 24 24\"><path d=\"M24 10h-10v-10h-4v10h-10v4h10v10h4v-10h10z\"><\/path><\/svg><\/span><span class=\"gb-button-text\">MODY BIC<\/span><\/a>\n\n<\/div>\n<\/div>\n\n<div class=\"gb-container gb-container-b646d406\">\n\n<h3 class=\"gb-headline gb-headline-98b10329 gb-headline-text\" id=\"PANAMARENKO\">Chambre <a href=\"#wow-modal-id-5\" target=\"_blank\" rel=\"noreferrer noopener\">PANAMARENKO<sup>+<\/sup><\/a><\/h3>\n\n\n\n<p>Lit double et grande salle de bain avec douche <sub>\u2e3b<\/sub> Acc\u00e8s au jardin int\u00e9rieur et sortie sur le balcon avec vue sur la vall\u00e9e. <sub>\u2e3b<\/sub> Acc\u00e8s pour les personnes \u00e0 mobilit\u00e9 r\u00e9duite.<\/p>\n\n\n<div class=\"gb-grid-wrapper gb-grid-wrapper-cbee8936\">\n<div class=\"gb-grid-column gb-grid-column-927d82a4\"><div class=\"gb-container gb-container-927d82a4\"><\/div><\/div>\n\n<div class=\"gb-grid-column gb-grid-column-741b2a59\"><div class=\"gb-container gb-container-741b2a59\"><\/div><\/div>\n\n<div class=\"gb-grid-column gb-grid-column-21e69143\"><div class=\"gb-container gb-container-21e69143\"><\/div><\/div>\n\n<div class=\"gb-grid-column gb-grid-column-ef42bcd5\"><div class=\"gb-container gb-container-ef42bcd5\"><\/div><\/div>\n\n<div class=\"gb-grid-column gb-grid-column-cb5cbc43\"><div class=\"gb-container gb-container-cb5cbc43\"><\/div><\/div>\n<\/div>\n<\/div>\n\n<div class=\"gb-container gb-container-15147704\">\n\n<h3 class=\"gb-headline gb-headline-f7c1ba06 gb-headline-text\" id=\"SCHIELE\">Chambre <a href=\"#wow-modal-id-2\" target=\"_blank\" rel=\"noreferrer noopener\">SCHIELE<sup>+<\/sup><\/a><\/h3>\n\n\n\n<p>Salon confortable et mezzanine avec 2 lits simples <sub>\u2e3b<\/sub> Salle de bain spacieuse avec douche <sub>\u2e3b<\/sub> Acc\u00e8s au jardin int\u00e9rieur et sortie sur le balcon avec vue sur la vall\u00e9e.<\/p>\n\n\n<div class=\"gb-grid-wrapper gb-grid-wrapper-15050a10\">\n<div class=\"gb-grid-column gb-grid-column-a5c168e6\"><div class=\"gb-container gb-container-a5c168e6\"><\/div><\/div>\n\n<div class=\"gb-grid-column gb-grid-column-98bf704a\"><div class=\"gb-container gb-container-98bf704a\"><\/div><\/div>\n\n<div class=\"gb-grid-column gb-grid-column-db1d8478\"><div class=\"gb-container gb-container-db1d8478\"><\/div><\/div>\n\n<div class=\"gb-grid-column gb-grid-column-fbf047d8\"><div class=\"gb-container gb-container-fbf047d8\"><\/div><\/div>\n\n<div class=\"gb-grid-column gb-grid-column-fcf1816b\"><div class=\"gb-container gb-container-fcf1816b\"><\/div><\/div>\n\n<div class=\"gb-grid-column gb-grid-column-1245a476\"><div class=\"gb-container gb-container-1245a476\"><\/div><\/div>\n<\/div>\n<\/div>\n\n<div class=\"gb-container gb-container-d7058320\">\n\n<h3 class=\"gb-headline gb-headline-601307a8 gb-headline-text\" id=\"FOLON\">Chambre <a href=\"#wow-modal-id-6\" data-type=\"link\" data-id=\"https:\/\/fondationfolon.be\/en\/\" target=\"_blank\" rel=\"noreferrer noopener\">FOLON<sup>+<\/sup><\/a><\/h3>\n\n\n\n<p>2 lits simples et grande salle de bain avec douche <sub>\u2e3b<\/sub> Terrasse priv\u00e9e avec vue sur la vall\u00e9e et le village <sub>\u2e3b<\/sub> Acc\u00e8s au jardin sauvage de la maison surplombant le profond ravin. <sub>\u2e3b<\/sub> Table de discussion.<\/p>\n\n\n<div class=\"gb-grid-wrapper gb-grid-wrapper-6184c1c2\">\n<div class=\"gb-grid-column gb-grid-column-f9163c7a\"><div class=\"gb-container gb-container-f9163c7a\"><\/div><\/div>\n\n<div class=\"gb-grid-column gb-grid-column-2ccf2a8d\"><div class=\"gb-container gb-container-2ccf2a8d\"><\/div><\/div>\n\n<div class=\"gb-grid-column gb-grid-column-d8350299\"><div class=\"gb-container gb-container-d8350299\"><\/div><\/div>\n\n<div class=\"gb-grid-column gb-grid-column-e7095e6f\"><div class=\"gb-container gb-container-e7095e6f\"><\/div><\/div>\n\n<div class=\"gb-grid-column gb-grid-column-d44f5256\"><div class=\"gb-container gb-container-d44f5256\"><\/div><\/div>\n<\/div>\n<\/div>\n\n<div class=\"gb-container gb-container-6d6fb817\">\n\n<h3 class=\"gb-headline gb-headline-fd8837c9 gb-headline-text\" id=\"MODY-BIC\">Salle MODY BIC<\/h3>\n\n\n\n<p>Lit double, lit simple superpos\u00e9 et grande salle de bain avec douche. <sub>\u2e3b<\/sub> Balcon avec vue sur la vall\u00e9e et la chapelle San Jos\u00e9 <sub>\u2e3b<\/sub> Acc\u00e8s au jardin sauvage de la maison surplombant le profond ravin. <sub>\u2e3b<\/sub> Table de discussion.<\/p>\n\n\n<div class=\"gb-grid-wrapper gb-grid-wrapper-127b0ee7\">\n<div class=\"gb-grid-column gb-grid-column-51b0022d\"><div class=\"gb-container gb-container-51b0022d\"><\/div><\/div>\n\n<div class=\"gb-grid-column gb-grid-column-f6a42e06\"><div class=\"gb-container gb-container-f6a42e06\"><\/div><\/div>\n\n<div class=\"gb-grid-column gb-grid-column-0396dc28\"><div class=\"gb-container gb-container-0396dc28\"><\/div><\/div>\n\n<div class=\"gb-grid-column gb-grid-column-555dc736\"><div class=\"gb-container gb-container-555dc736\"><\/div><\/div>\n\n<div class=\"gb-grid-column gb-grid-column-d59ad853\"><div class=\"gb-container gb-container-d59ad853\"><\/div><\/div>\n<\/div>\n<\/div>\n<\/div>\n\n<div class=\"gb-container gb-container-ad7634e9\">\n\n<div class=\"wp-block-group\"><div class=\"wp-block-group__inner-container is-layout-constrained wp-container-core-group-is-layout-4b07d187 wp-block-group-is-layout-constrained\">\n<h2 class=\"gb-headline gb-headline-880b9773 gb-headline-text\">Tarifs<\/h2>\n\n\n\n<h3 class=\"gb-headline gb-headline-48748482 gb-headline-text\">\u2e3b Chambre double 85 \u20ac\/nuit<\/h3>\n\n\n\n<p><\/p>\n\n\n\n<h3 class=\"gb-headline gb-headline-e51bf8ca gb-headline-text\">\u2e3b Appartement avec chambre double 160 \u20ac\/nuit<\/h3>\n\n\n\n<p><\/p>\n\n\n\n<h3 class=\"gb-headline gb-headline-10b257e6 gb-headline-text\">\u2e3b Petit d\u00e9jeuner \u20ac10\/personne<\/h3>\n\n\n\n<p><\/p>\n\n\n\n<h3 class=\"gb-headline gb-headline-9437b383 gb-headline-text\">* Veuillez demander un devis pour 4 nuits ou plus.<\/h3>\n\n\n\n<p><\/p>\n\n\n\n<p>Les prix s'entendent TVA comprise.<br>Si plus de 2 personnes s\u00e9journent dans la chambre\/l'appartement : suppl\u00e9ment de 30\u20ac\/personne\/nuit.<br>Caution \u00e0 verser : 250\u20ac pour l'appartement et 150\u20ac pour chaque chambre.<br>La consommation responsable d'\u00e9clairage est incluse.<br>Les animaux domestiques ne sont pas autoris\u00e9s.<br>S\u00e9jour minimum de deux nuits.<\/p>\n<\/div><\/div>\n\n<\/div>","protected":false},"excerpt":{"rendered":"<p>Chambres Toutes les chambres sont climatis\u00e9es et \u00e9quip\u00e9es+ Chambre PANAMARENKO+ Lit double et grande salle de bain avec douche \u2e3b Acc\u00e8s au jardin int\u00e9rieur et sortie sur le balcon avec vue sur la vall\u00e9e \u2e3b Acc\u00e8s pour les personnes \u00e0 mobilit\u00e9 r\u00e9duite. Chambre SCHIELE+ Salon confortable et mezzanine avec 2 lits simples \u2e3b Salle de bain spacieuse avec douche \u2e3b Acc\u00e8s au jardin int\u00e9rieur \u2e3b Acc\u00e8s au balcon avec vue sur la vall\u00e9e \u2e3b Acc\u00e8s au balcon avec vue sur la vall\u00e9e \u2e3b Acc\u00e8s aux personnes \u00e0 mobilit\u00e9 r\u00e9duite. <a title=\"Chambres\" class=\"read-more\" href=\"https:\/\/planetafilou.com\/fr\/hebergement\/chambres\/\" aria-label=\"En savoir plus sur les chambres\">En savoir plus<\/a><\/p>","protected":false},"author":1,"featured_media":1494,"parent":1300,"menu_order":2,"comment_status":"closed","ping_status":"closed","template":"","meta":{"footnotes":""},"class_list":["post-2297","page","type-page","status-publish","has-post-thumbnail"],"_links":{"self":[{"href":"https:\/\/planetafilou.com\/fr\/wp-json\/wp\/v2\/pages\/2297","targetHints":{"allow":["GET"]}}],"collection":[{"href":"https:\/\/planetafilou.com\/fr\/wp-json\/wp\/v2\/pages"}],"about":[{"href":"https:\/\/planetafilou.com\/fr\/wp-json\/wp\/v2\/types\/page"}],"author":[{"embeddable":true,"href":"https:\/\/planetafilou.com\/fr\/wp-json\/wp\/v2\/users\/1"}],"replies":[{"embeddable":true,"href":"https:\/\/planetafilou.com\/fr\/wp-json\/wp\/v2\/comments?post=2297"}],"version-history":[{"count":0,"href":"https:\/\/planetafilou.com\/fr\/wp-json\/wp\/v2\/pages\/2297\/revisions"}],"up":[{"embeddable":true,"href":"https:\/\/planetafilou.com\/fr\/wp-json\/wp\/v2\/pages\/1300"}],"wp:featuredmedia":[{"embeddable":true,"href":"https:\/\/planetafilou.com\/fr\/wp-json\/wp\/v2\/media\/1494"}],"wp:attachment":[{"href":"https:\/\/planetafilou.com\/fr\/wp-json\/wp\/v2\/media?parent=2297"}],"curies":[{"name":"wp","href":"https:\/\/api.w.org\/{rel}","templated":true}]}}

<div class="gb-container gb-container-e86306a6">
<div class="gb-container gb-container-3365488c">

<h1 class="gb-headline gb-headline-12d15b78 gb-headline-text">Chambres</h1>



<h2 class="gb-headline gb-headline-e9751e72 gb-headline-text">Toutes les chambres sont climatisées et <a href="#wow-modal-id-1">équipé<sup>+</sup></a></h2>

</div>

<div class="gb-container gb-container-e582b16b">
<div class="gb-container gb-container-9d9a1e62">

<a class="gb-button gb-button-9d0b6366" href="#PANAMARENKO"><span class="gb-icon"><svg viewbox="0 0 24 24" height="24" width="24" xmlns="http://www.w3.org/2000/svg"><path d="M24 10h-10v-10h-4v10h-10v4h10v10h4v-10h10z"></path></svg></span><span class="gb-button-text">PANAMARENKO</span></a>



<a class="gb-button gb-button-3bd9612a" href="#SCHIELE"><span class="gb-icon"><svg xmlns="http://www.w3.org/2000/svg" width="24" height="24" viewbox="0 0 24 24"><path d="M24 10h-10v-10h-4v10h-10v4h10v10h4v-10h10z"></path></svg></span><span class="gb-button-text">SCHIELE</span></a>



<a class="gb-button gb-button-7f502f33" href="#FOLON"><span class="gb-icon"><svg xmlns="http://www.w3.org/2000/svg" width="24" height="24" viewbox="0 0 24 24"><path d="M24 10h-10v-10h-4v10h-10v4h10v10h4v-10h10z"></path></svg></span><span class="gb-button-text">FOLON</span></a>



<a class="gb-button gb-button-b8a76c30" href="#MODY-BIC"><span class="gb-icon"><svg xmlns="http://www.w3.org/2000/svg" width="24" height="24" viewbox="0 0 24 24"><path d="M24 10h-10v-10h-4v10h-10v4h10v10h4v-10h10z"></path></svg></span><span class="gb-button-text">MODY BIC</span></a>

</div>
</div>

<div class="gb-container gb-container-b646d406">

<h3 class="gb-headline gb-headline-98b10329 gb-headline-text" id="PANAMARENKO">Chambre <a href="#wow-modal-id-5" target="_blank" rel="noreferrer noopener">PANAMARENKO<sup>+</sup></a></h3>



<p>Lit double et grande salle de bain avec douche <sub>⸻</sub> Accès au jardin intérieur et sortie sur le balcon avec vue sur la vallée. <sub>⸻</sub> Accès pour les personnes à mobilité réduite.</p>


<div class="gb-grid-wrapper gb-grid-wrapper-cbee8936">
<div class="gb-grid-column gb-grid-column-927d82a4"><div class="gb-container gb-container-927d82a4"></div></div>

<div class="gb-grid-column gb-grid-column-741b2a59"><div class="gb-container gb-container-741b2a59"></div></div>

<div class="gb-grid-column gb-grid-column-21e69143"><div class="gb-container gb-container-21e69143"></div></div>

<div class="gb-grid-column gb-grid-column-ef42bcd5"><div class="gb-container gb-container-ef42bcd5"></div></div>

<div class="gb-grid-column gb-grid-column-cb5cbc43"><div class="gb-container gb-container-cb5cbc43"></div></div>
</div>
</div>

<div class="gb-container gb-container-15147704">

<h3 class="gb-headline gb-headline-f7c1ba06 gb-headline-text" id="SCHIELE">Chambre <a href="#wow-modal-id-2" target="_blank" rel="noreferrer noopener">SCHIELE<sup>+</sup></a></h3>



<p>Salon confortable et mezzanine avec 2 lits simples <sub>⸻</sub> Salle de bain spacieuse avec douche <sub>⸻</sub> Accès au jardin intérieur et sortie sur le balcon avec vue sur la vallée.</p>


<div class="gb-grid-wrapper gb-grid-wrapper-15050a10">
<div class="gb-grid-column gb-grid-column-a5c168e6"><div class="gb-container gb-container-a5c168e6"></div></div>

<div class="gb-grid-column gb-grid-column-98bf704a"><div class="gb-container gb-container-98bf704a"></div></div>

<div class="gb-grid-column gb-grid-column-db1d8478"><div class="gb-container gb-container-db1d8478"></div></div>

<div class="gb-grid-column gb-grid-column-fbf047d8"><div class="gb-container gb-container-fbf047d8"></div></div>

<div class="gb-grid-column gb-grid-column-fcf1816b"><div class="gb-container gb-container-fcf1816b"></div></div>

<div class="gb-grid-column gb-grid-column-1245a476"><div class="gb-container gb-container-1245a476"></div></div>
</div>
</div>

<div class="gb-container gb-container-d7058320">

<h3 class="gb-headline gb-headline-601307a8 gb-headline-text" id="FOLON">Chambre <a href="#wow-modal-id-6" data-type="link" data-id="https://fondationfolon.be/en/" target="_blank" rel="noreferrer noopener">FOLON<sup>+</sup></a></h3>



<p>2 lits simples et grande salle de bain avec douche <sub>⸻</sub> Terrasse privée avec vue sur la vallée et le village <sub>⸻</sub> Accès au jardin sauvage de la maison surplombant le profond ravin. <sub>⸻</sub> Table de discussion.</p>


<div class="gb-grid-wrapper gb-grid-wrapper-6184c1c2">
<div class="gb-grid-column gb-grid-column-f9163c7a"><div class="gb-container gb-container-f9163c7a"></div></div>

<div class="gb-grid-column gb-grid-column-2ccf2a8d"><div class="gb-container gb-container-2ccf2a8d"></div></div>

<div class="gb-grid-column gb-grid-column-d8350299"><div class="gb-container gb-container-d8350299"></div></div>

<div class="gb-grid-column gb-grid-column-e7095e6f"><div class="gb-container gb-container-e7095e6f"></div></div>

<div class="gb-grid-column gb-grid-column-d44f5256"><div class="gb-container gb-container-d44f5256"></div></div>
</div>
</div>

<div class="gb-container gb-container-6d6fb817">

<h3 class="gb-headline gb-headline-fd8837c9 gb-headline-text" id="MODY-BIC">Salle MODY BIC</h3>



<p>Lit double, lit simple superposé et grande salle de bain avec douche. <sub>⸻</sub> Balcon avec vue sur la vallée et la chapelle San José <sub>⸻</sub> Accès au jardin sauvage de la maison surplombant le profond ravin. <sub>⸻</sub> Table de discussion.</p>


<div class="gb-grid-wrapper gb-grid-wrapper-127b0ee7">
<div class="gb-grid-column gb-grid-column-51b0022d"><div class="gb-container gb-container-51b0022d"></div></div>

<div class="gb-grid-column gb-grid-column-f6a42e06"><div class="gb-container gb-container-f6a42e06"></div></div>

<div class="gb-grid-column gb-grid-column-0396dc28"><div class="gb-container gb-container-0396dc28"></div></div>

<div class="gb-grid-column gb-grid-column-555dc736"><div class="gb-container gb-container-555dc736"></div></div>

<div class="gb-grid-column gb-grid-column-d59ad853"><div class="gb-container gb-container-d59ad853"></div></div>
</div>
</div>
</div>

<div class="gb-container gb-container-ad7634e9">

<div class="wp-block-group"><div class="wp-block-group__inner-container is-layout-constrained wp-container-core-group-is-layout-4b07d187 wp-block-group-is-layout-constrained">
<h2 class="gb-headline gb-headline-880b9773 gb-headline-text">Tarifs</h2>



<h3 class="gb-headline gb-headline-48748482 gb-headline-text">⸻ Chambre double 85 €/nuit</h3>



<p></p>



<h3 class="gb-headline gb-headline-e51bf8ca gb-headline-text">⸻ Appartement avec chambre double 160 €/nuit</h3>



<p></p>



<h3 class="gb-headline gb-headline-10b257e6 gb-headline-text">⸻ Petit déjeuner €10/personne</h3>



<p></p>



<h3 class="gb-headline gb-headline-9437b383 gb-headline-text">* Veuillez demander un devis pour 4 nuits ou plus.</h3>



<p></p>



<p>Les prix s'entendent TVA comprise.<br>Si plus de 2 personnes séjournent dans la chambre/l'appartement : supplément de 30€/personne/nuit.<br>Caution à verser : 250€ pour l'appartement et 150€ pour chaque chambre.<br>La consommation responsable d'éclairage est incluse.<br>Les animaux domestiques ne sont pas autorisés.<br>Séjour minimum de deux nuits.</p>
</div></div>

</div>

<p>Chambres Toutes les chambres sont climatisées et équipées+ Chambre PANAMARENKO+ Lit double et grande salle de bain avec douche ⸻ Accès au jardin intérieur et sortie sur le balcon avec vue sur la vallée ⸻ Accès pour les personnes à mobilité réduite. Chambre SCHIELE+ Salon confortable et mezzanine avec 2 lits simples ⸻ Salle de bain spacieuse avec douche ⸻ Accès au jardin intérieur ⸻ Accès au balcon avec vue sur la vallée ⸻ Accès au balcon avec vue sur la vallée ⸻ Accès aux personnes à mobilité réduite. <a title="Chambres" class="read-more" href="https://planetafilou.com/fr/hebergement/chambres/" aria-label="En savoir plus sur les chambres">En savoir plus</a></p>
