{"id":2298,"date":"2024-04-04T12:21:11","date_gmt":"2024-04-04T10:21:11","guid":{"rendered":"https:\/\/planetafilou.com\/?page_id=2298"},"modified":"2024-06-21T11:31:14","modified_gmt":"2024-06-21T09:31:14","slug":"plat","status":"publish","type":"page","link":"https:\/\/planetafilou.com\/fr\/hebergement\/plat\/","title":{"rendered":"Plat"},"content":{"rendered":"<div class=\"gb-container gb-container-12ab89e7\">\n<div class=\"gb-container gb-container-aeab4532\">\n\n<h1 class=\"gb-headline gb-headline-9afb03e2 gb-headline-text\">Plat<\/h1>\n\n\n\n<h2 class=\"gb-headline gb-headline-00fc4e36 gb-headline-text\">Il s'agit d'un \u00e9tablissement ind\u00e9pendant situ\u00e9 dans la partie sup\u00e9rieure de Filou. <\/h2>\n\n\n\n<h3 class=\"gb-headline gb-headline-814b4e35 gb-headline-text\">Il ressemble \u00e0 une petite maison. L'entr\u00e9e se fait par un beau jardin priv\u00e9 avec vue sur la vall\u00e9e et l'ermitage.<\/h3>\n\n<\/div>\n\n<div class=\"gb-container gb-container-8dd80a6d\">\n\n<h3 class=\"gb-headline gb-headline-128b7d7e gb-headline-text\">C'est le cas :<\/h3>\n\n\n<div class=\"gb-container gb-container-bda92c7d\">\n\n<p class=\"has-text-align-center has-medium-font-size\"><sub>\u2e3b<\/sub> La cuisine fait face \u00e0 une grande fen\u00eatre donnant sur le paysage pendant que vous pr\u00e9parez votre petit d\u00e9jeuner <br>(lorsque vous pr\u00e9parez le d\u00e9jeuner ou le d\u00eener, il donne \u00e9galement sur le paysage).<\/p>\n\n\n\n<p class=\"has-text-align-center has-medium-font-size\"><sub>\u2e3b<\/sub> Salle \u00e0 manger.<\/p>\n\n\n\n<p class=\"has-text-align-center has-medium-font-size\"><sub>\u2e3b<\/sub> Salle de s\u00e9jour avec cuisini\u00e8re \u00e0 bois et acc\u00e8s direct au jardin priv\u00e9.<\/p>\n\n\n\n<p class=\"has-text-align-center has-medium-font-size\"><sub>\u2e3b<\/sub> Chambre avec deux lits simples, bureau, salle de bain avec baignoire et acc\u00e8s direct au jardin sauvage. <br>(ne vous inqui\u00e9tez pas : la sortie directe vers le jardin sauvage ne se fait pas par la baignoire).&nbsp;&nbsp;<\/p>\n\n<\/div>\n\n<div class=\"gb-grid-wrapper gb-grid-wrapper-93e4ea67\">\n<div class=\"gb-grid-column gb-grid-column-fd6ca850\"><div class=\"gb-container gb-container-fd6ca850\"><\/div><\/div>\n\n<div class=\"gb-grid-column gb-grid-column-48b01c64\"><div class=\"gb-container gb-container-48b01c64\"><\/div><\/div>\n\n<div class=\"gb-grid-column gb-grid-column-c9986615\"><div class=\"gb-container gb-container-c9986615\"><\/div><\/div>\n\n<div class=\"gb-grid-column gb-grid-column-99f22e5d\"><div class=\"gb-container gb-container-99f22e5d\"><\/div><\/div>\n\n<div class=\"gb-grid-column gb-grid-column-9c008b41\"><div class=\"gb-container gb-container-9c008b41\"><\/div><\/div>\n\n<div class=\"gb-grid-column gb-grid-column-b5bbec8a\"><div class=\"gb-container gb-container-b5bbec8a\"><\/div><\/div>\n\n<div class=\"gb-grid-column gb-grid-column-59e4da71\"><div class=\"gb-container gb-container-59e4da71\"><\/div><\/div>\n\n<div class=\"gb-grid-column gb-grid-column-38f6e68a\"><div class=\"gb-container gb-container-38f6e68a\"><\/div><\/div>\n\n<div class=\"gb-grid-column gb-grid-column-6a545056\"><div class=\"gb-container gb-container-6a545056\"><\/div><\/div>\n<\/div>\n<\/div>\n<\/div>\n\n<div class=\"gb-container gb-container-ad7634e9\">\n\n<div class=\"wp-block-group\"><div class=\"wp-block-group__inner-container is-layout-constrained wp-container-core-group-is-layout-4b07d187 wp-block-group-is-layout-constrained\">\n<h2 class=\"gb-headline gb-headline-880b9773 gb-headline-text\">Tarifs<\/h2>\n\n\n\n<h3 class=\"gb-headline gb-headline-48748482 gb-headline-text\">\u2e3b Chambre double 85 \u20ac\/nuit<\/h3>\n\n\n\n<p><\/p>\n\n\n\n<h3 class=\"gb-headline gb-headline-e51bf8ca gb-headline-text\">\u2e3b Appartement avec chambre double 160 \u20ac\/nuit<\/h3>\n\n\n\n<p><\/p>\n\n\n\n<h3 class=\"gb-headline gb-headline-10b257e6 gb-headline-text\">\u2e3b Petit d\u00e9jeuner \u20ac10\/personne<\/h3>\n\n\n\n<p><\/p>\n\n\n\n<h3 class=\"gb-headline gb-headline-9437b383 gb-headline-text\">* Veuillez demander un devis pour 4 nuits ou plus.<\/h3>\n\n\n\n<p><\/p>\n\n\n\n<p>Les prix s'entendent TVA comprise.<br>Si plus de 2 personnes s\u00e9journent dans la chambre\/l'appartement : suppl\u00e9ment de 30\u20ac\/personne\/nuit.<br>Caution \u00e0 verser : 250\u20ac pour l'appartement et 150\u20ac pour chaque chambre.<br>La consommation responsable d'\u00e9clairage est incluse.<br>Les animaux domestiques ne sont pas autoris\u00e9s.<br>S\u00e9jour minimum de deux nuits.<\/p>\n<\/div><\/div>\n\n<\/div>","protected":false},"excerpt":{"rendered":"<p>Appartement C'est un \u00eatre ind\u00e9pendant situ\u00e9 en haut de Filou. Il ressemble \u00e0 une petite maison. On y acc\u00e8de par votre magnifique jardin priv\u00e9 avec vue sur la vall\u00e9e et l'ermitage. Il a : \u2e3b Une cuisine face \u00e0 une grande fen\u00eatre donnant sur le paysage pendant que vous pr\u00e9parez votre petit-d\u00e9jeuner (quand vous pr\u00e9parez le d\u00e9jeuner ou le d\u00eener aussi...) <a title=\"Plat\" class=\"read-more\" href=\"https:\/\/planetafilou.com\/fr\/hebergement\/plat\/\" aria-label=\"Read more about Apartamento\">En savoir plus<\/a><\/p>","protected":false},"author":1,"featured_media":1599,"parent":1300,"menu_order":2,"comment_status":"closed","ping_status":"closed","template":"","meta":{"footnotes":""},"class_list":["post-2298","page","type-page","status-publish","has-post-thumbnail"],"_links":{"self":[{"href":"https:\/\/planetafilou.com\/fr\/wp-json\/wp\/v2\/pages\/2298","targetHints":{"allow":["GET"]}}],"collection":[{"href":"https:\/\/planetafilou.com\/fr\/wp-json\/wp\/v2\/pages"}],"about":[{"href":"https:\/\/planetafilou.com\/fr\/wp-json\/wp\/v2\/types\/page"}],"author":[{"embeddable":true,"href":"https:\/\/planetafilou.com\/fr\/wp-json\/wp\/v2\/users\/1"}],"replies":[{"embeddable":true,"href":"https:\/\/planetafilou.com\/fr\/wp-json\/wp\/v2\/comments?post=2298"}],"version-history":[{"count":0,"href":"https:\/\/planetafilou.com\/fr\/wp-json\/wp\/v2\/pages\/2298\/revisions"}],"up":[{"embeddable":true,"href":"https:\/\/planetafilou.com\/fr\/wp-json\/wp\/v2\/pages\/1300"}],"wp:featuredmedia":[{"embeddable":true,"href":"https:\/\/planetafilou.com\/fr\/wp-json\/wp\/v2\/media\/1599"}],"wp:attachment":[{"href":"https:\/\/planetafilou.com\/fr\/wp-json\/wp\/v2\/media?parent=2298"}],"curies":[{"name":"wp","href":"https:\/\/api.w.org\/{rel}","templated":true}]}}

<div class="gb-container gb-container-12ab89e7">
<div class="gb-container gb-container-aeab4532">

<h1 class="gb-headline gb-headline-9afb03e2 gb-headline-text">Plat</h1>



<h2 class="gb-headline gb-headline-00fc4e36 gb-headline-text">Il s'agit d'un établissement indépendant situé dans la partie supérieure de Filou. </h2>



<h3 class="gb-headline gb-headline-814b4e35 gb-headline-text">Il ressemble à une petite maison. L'entrée se fait par un beau jardin privé avec vue sur la vallée et l'ermitage.</h3>

</div>

<div class="gb-container gb-container-8dd80a6d">

<h3 class="gb-headline gb-headline-128b7d7e gb-headline-text">C'est le cas :</h3>


<div class="gb-container gb-container-bda92c7d">

<p class="has-text-align-center has-medium-font-size"><sub>⸻</sub> La cuisine fait face à une grande fenêtre donnant sur le paysage pendant que vous préparez votre petit déjeuner <br>(lorsque vous préparez le déjeuner ou le dîner, il donne également sur le paysage).</p>



<p class="has-text-align-center has-medium-font-size"><sub>⸻</sub> Salle à manger.</p>



<p class="has-text-align-center has-medium-font-size"><sub>⸻</sub> Salle de séjour avec cuisinière à bois et accès direct au jardin privé.</p>



<p class="has-text-align-center has-medium-font-size"><sub>⸻</sub> Chambre avec deux lits simples, bureau, salle de bain avec baignoire et accès direct au jardin sauvage. <br>(ne vous inquiétez pas : la sortie directe vers le jardin sauvage ne se fait pas par la baignoire).&nbsp;&nbsp;</p>

</div>

<div class="gb-grid-wrapper gb-grid-wrapper-93e4ea67">
<div class="gb-grid-column gb-grid-column-fd6ca850"><div class="gb-container gb-container-fd6ca850"></div></div>

<div class="gb-grid-column gb-grid-column-48b01c64"><div class="gb-container gb-container-48b01c64"></div></div>

<div class="gb-grid-column gb-grid-column-c9986615"><div class="gb-container gb-container-c9986615"></div></div>

<div class="gb-grid-column gb-grid-column-99f22e5d"><div class="gb-container gb-container-99f22e5d"></div></div>

<div class="gb-grid-column gb-grid-column-9c008b41"><div class="gb-container gb-container-9c008b41"></div></div>

<div class="gb-grid-column gb-grid-column-b5bbec8a"><div class="gb-container gb-container-b5bbec8a"></div></div>

<div class="gb-grid-column gb-grid-column-59e4da71"><div class="gb-container gb-container-59e4da71"></div></div>

<div class="gb-grid-column gb-grid-column-38f6e68a"><div class="gb-container gb-container-38f6e68a"></div></div>

<div class="gb-grid-column gb-grid-column-6a545056"><div class="gb-container gb-container-6a545056"></div></div>
</div>
</div>
</div>

<div class="gb-container gb-container-ad7634e9">

<div class="wp-block-group"><div class="wp-block-group__inner-container is-layout-constrained wp-container-core-group-is-layout-4b07d187 wp-block-group-is-layout-constrained">
<h2 class="gb-headline gb-headline-880b9773 gb-headline-text">Tarifs</h2>



<h3 class="gb-headline gb-headline-48748482 gb-headline-text">⸻ Chambre double 85 €/nuit</h3>



<p></p>



<h3 class="gb-headline gb-headline-e51bf8ca gb-headline-text">⸻ Appartement avec chambre double 160 €/nuit</h3>



<p></p>



<h3 class="gb-headline gb-headline-10b257e6 gb-headline-text">⸻ Petit déjeuner €10/personne</h3>



<p></p>



<h3 class="gb-headline gb-headline-9437b383 gb-headline-text">* Veuillez demander un devis pour 4 nuits ou plus.</h3>



<p></p>



<p>Les prix s'entendent TVA comprise.<br>Si plus de 2 personnes séjournent dans la chambre/l'appartement : supplément de 30€/personne/nuit.<br>Caution à verser : 250€ pour l'appartement et 150€ pour chaque chambre.<br>La consommation responsable d'éclairage est incluse.<br>Les animaux domestiques ne sont pas autorisés.<br>Séjour minimum de deux nuits.</p>
</div></div>

</div>

<p>Appartement C'est un être indépendant situé en haut de Filou. Il ressemble à une petite maison. On y accède par votre magnifique jardin privé avec vue sur la vallée et l'ermitage. Il a : ⸻ Une cuisine face à une grande fenêtre donnant sur le paysage pendant que vous préparez votre petit-déjeuner (quand vous préparez le déjeuner ou le dîner aussi...) <a title="Plat" class="read-more" href="https://planetafilou.com/fr/hebergement/plat/" aria-label="Read more about Apartamento">En savoir plus</a></p>
